 6
1342
Convert 689a (base 13) to base 2.
11100101000101
What is 1061 (base 7) in base 4?
12002
What is 306 (base 15) in base 10?
681
What is 123623 (base 8) in base 12?
209ab
What is -11100011011000 (base 2) in base 3?
-201221222
-9a91 (base 14) to base 7
-141041
What is -1517 (base 14) in base 15?
-119a
Convert -20110113 (base 4) to base 14.
-c5b9
Convert -11864 (base 10) to base 4.
-2321120
-1164a (base 11) to base 13
-7818
Convert 2525 (base 8) to base 5.
20430
Convert 5642 (base 7) to base 15.
90e
Convert 1b8b (base 12) to base 9.
4618
11001 (base 4) to base 12
229
What is 101111110100101 (base 2) in base 8?
57645
What is 8c7 (base 15) in base 8?
3703
What is 200 (base 4) in base 12?
28
35551 (base 7) to base 11
6a03
What is 1303 (base 6) in base 3?
110010
Convert 21220 (base 4) to base 8.
1150
16383 (base 10) to base 7
65523
What is -5b (base 16) in base 13?
-70
Convert -86a4 (base 12) to base 15.
-45c7
Convert 30211 (base 4) to base 2.
1100100101
What is 1416 (base 10) in base 8?
2610
What is -4264 (base 9) in base 6?
-22304
Convert 2160 (base 8) to base 4.
101300
-101420 (base 7) to base 11
-12052
What is 2ab (base 14) in base 4?
20133
4b84 (base 14) to base 7
53424
Convert -234 (base 15) to base 5.
-3444
Convert 2275 (base 15) to base 5.
213220
What is bb2a (base 13) in base 14?
96d8
Convert -112b1 (base 14) to base 2.
-1010001011101011
a86 (base 12) to base 13
918
-506 (base 8) to base 15
-16b
What is -111110001 (base 2) in base 14?
-277
-9a00 (base 11) to base 3
-200002111
2315 (base 8) to base 6
5405
Convert -10310220 (base 4) to base 12.
-b520
What is 5d6 (base 16) in base 9?
2040
-3888 (base 10) to base 16
-f30
Convert -2101001210 (base 3) to base 6.
-1000120
What is -103201101 (base 4) in base 13?
-2a513
What is 877 (base 9) in base 16?
2ce
132203 (base 5) to base 2
1010010110111
What is 100213 (base 4) in base 9?
1411
-57c9 (base 15) to base 6
-222143
Convert -311231 (base 4) to base 6.
-23525
What is 52105 (base 7) in base 3?
122111001
Convert -135 (base 6) to base 11.
-54
What is -1010110111000010 (base 2) in base 6?
-541534
Convert 1023234 (base 5) to base 12.
a033
What is -10010101001 (base 2) in base 8?
-2251
What is -10000001010100 (base 2) in base 4?
-2001110
1000110 (base 2) to base 13
55
What is -1020 (base 16) in base 3?
-12122220
Convert 73077 (base 8) to base 15.
8e81
What is -12121320 (base 4) in base 15?
-7b8c
-29c (base 13) to base 15
-212
Convert -461 (base 7) to base 9.
-285
200222 (base 3) to base 14
288
Convert -27 (base 16) to base 10.
-39
Convert 4233 (base 9) to base 16.
c24
Convert 101110001 (base 2) to base 7.
1035
-2b47 (base 14) to base 10
-7707
-10301113 (base 4) to base 2
-100110001010111
Convert 66071 (base 8) to base 6.
332133
-1000010111101 (base 2) to base 5
-114120
Convert 10 (base 2) to base 9.
2
20344 (base 5) to base 14
6c5
What is -200001022 (base 3) in base 16?
-3365
-4978 (base 14) to base 7
-52311
Convert 101100011 (base 2) to base 3.
111011
Convert -2b16 (base 13) to base 10.
-6272
136a (base 11) to base 5
24040
Convert -11658 (base 11) to base 16.
-4179
-4522 (base 6) to base 5
-13213
Convert 2668 (base 15) to base 11.
6183
Convert 688 (base 9) to base 6.
2342
What is -18b6 (base 14) in base 3?
-20010122
Convert 1071 (base 8) to base 16.
239
-2011 (base 5) to base 2
-100000000
Convert -1031301 (base 4) to base 5.
-124402
Convert -b1b8 (base 12) to base 15.
-5ab2
What is -1412 (base 6) in base 10?
-368
-59a6 (base 12) to base 5
-310222
11424 (base 5) to base 11
716
5049 (base 12) to base 5
234242
-1011011111100 (base 2) to base 14
-2204
Convert -5b4 (base 13) to base 6.
-4332
What is 1443 (base 6) in base 8?
603
6207 (base 10) to base 2
1100000111111
Convert -246a (base 12) to base 10.
-4114
What is 12106 (base 8) in base 3?
21010020
What is 49267 (base 10) in base 12?
24617
6a9 (base 12) to base 11
823
What is -48 (base 12) in base 13?
-44
-12020 (base 4) to base 14
-200
b8a (base 12) to base 2
11010011010
Convert 185a (base 15) to base 4.
1102030
What is -21143 (base 5) in base 11?
-1084
4655 (base 8) to base 6
15245
Convert -9e61 (base 16) to base 8.
-117141
Convert 18626 (base 11) to base 5.
1313133
-3e9 (base 15) to base 2
-1101111110
Convert -1092 (base 10) to base 14.
-580
What is -1656 (base 14) in base 15?
-12b6
Convert 46 (base 9) to base 10.
42
What is -220441 (base 5) in base 9?
-11407
109c (base 13) to base 16
916
What is -1a176 (base 11) in base 5?
-1400110
-1102 (base 5) to base 16
-98
What is -10316 (base 7) in base 6?
-15505
-201 (base 10) to base 13
-126
-10101110110000 (base 2) to base 14
-410c
Convert 5251 (base 6) to base 10.
1183
What is -304b (base 12) in base 9?
-7165
a67a (base 13) to base 10
23085
What is -1000011100111 (base 2) in base 4?
-1003213
Convert 447 (base 14) to base 10.
847
What is 3113331 (base 4) in base 15?
4166
Convert -8ea (base 16) to base 5.
-33112
-102022102 (base 3) to base 15
-269b
What is ab (base 12) in base 15?
8b
What is -46420 (base 11) in base 12?
-32980
-201202221 (base 3) to base 6
-150424
2163 (base 11) to base 12
1798
Convert a02b (base 12) to base 13.
7b5c
-11100 (base 2) to base 5
-103
Convert 10110100 (base 2) to base 11.
154
Convert -259 (base 11) to base 3.
-102100
Convert -658 (base 11) to base 9.
-1066
db26 (base 16) to base 10
56102
-333 (base 14) to base 7
-1563
-7722 (base 11) to base 3
-111222100
2d2 (base 14) to base 2
1001000000
What is 22230 (base 5) in base 16?
61d
What is -122021001 (base 3) in base 13?
-595c
What is -1111110011010 (base 2) in base 13?
-38b4
What is 11012111 (base 3) in base 15?
d94
-1245 (base 7) to base 15
-219
Convert 44152 (base 7) to base 10.
11062
What is -1914 (base 10) in base 8?
-3572
What is 771 (base 10) in base 13?
474
Convert 81c4 (base 15) to base 5.
1334114
What is 105d (base 14) in base 13?
1396
Convert c11d (base 16) to base 6.
1020513
What is -1451 (base 7) in base 11?
-483
Convert -2321 (base 5) to base 8.
-520
5d61 (base 14) to base 16
3fe1
Convert 6158 (base 9) to base 5.
121013
-4523 (base 6) to base 2
-10000100011
What is 303 (base 6) in base 15?
76
Convert 2507 (base 8) to base 7.
3640
Convert 13404 (base 6) to base 12.
1264
What is 464 (base 7) in base 5?
1432
Convert 5f (base 16) to base 11.
87
What is 8223 (base 11) in base 8?
25243
Convert -4476 (base 9) to base 15.
-ea9
What is -2574 (base 11) in base 5?
-101343
13331 (base 5) to base 6
5015
-3274 (base 9) to base 11
-18a7
-ad5b (base 14) to base 8
-72565
Convert -72 (base 9) to base 4.
-1001
-152a9 (base 11) to base 8
-52231
What is 110011011101 (base 2) in base 4?
303131
What is -415006 (base 7) in base 9?
-117777
What is 712 (base 10) in base 4?
23020
2a27 (base 11) to base 4
330331
Convert 3013 (base 9) to base 11.
171a
What is -1101054 (base 6) in base 3?
-2210000021
Convert 5132 (base 8) to base 12.
164a
-1140320 (base 5) to base 9
-32235
7356 (base 10) to base 11
5588
Convert 403255 (base 6) to base 7.
161612
Convert -1853 (base 14) to base 16.
-1121
What is -21322 (base 4) in base 5?
-10014
965 (base 12) to base 16
55d
Convert 15355 (base 6) to base 7.
10226
Convert 43020 (base 7) to base 10.
10647
22011 (base 4) to base 3
212220
What is -1505 (base 7) in base 12?
-415
Convert -1240 (base 5) to base 16.
-c3
Convert -7ac (base 13) to base 5.
-20300
What is 2664 (base 7) in base 12?
716
What is -11141 (base 5) in base 13?
-493
-4135 (base 6) to base 2
-1110011011
What is 8339 (base 15) in base 11?
19919
What is -210102220 (base 3) in base 2?
-11110100001110
Convert 23904 (base 10) to base 16.
5d60
353440 (base 6) to base 5
1434444
Convert -40 (base 10) to base 13.
-31
-42b (base 12) to base 10
-611
-943 (base 16) to base 14
-c15
What is -34607 (base 9) in base 3?
-1011200021
-1110010 (base 3) to base 15
-4a6
Convert -50 (base 16) to base 2.
-1010000
What is -95c (base 13) in base 3?
-2012012
What is 547c (base 13) in base 12?
6984
Convert -238e (base 15) to base 11.
-5752
29e (base 16) to base 2
1010011110
What is 200100202 (base 3) in base 10?
13385
What is 65397 (base 10) in base 8?
177565
-431 (base 7) to base 13
-13a
Convert -146 (base 13) to base 12.
-16b
24024 (base 9) to base 6
202204
-10187 (base 9) to base 8
-15101
What is -2051 (base 9) in base 4?
-113200
Convert 14250 (base 6) to base 5.
33022
What